
-21
What is 5 (base 8) in base 2?
101
What is 2 (base 6) in base 2?
10
Convert 100000 (base 3) to base 11.
201
What is 10 (base 2) in base 6?
2
Convert 0 (base 7) to base 13.
0
Convert 112 (base 4) to base 2.
10110
-3 (base 6) to base 15
-3
3 (base 8) to base 15
3
Convert 2 (base 6) to base 11.
2
What is 1a (base 16) in base 3?
222
10 (base 15) to base 7
21
Convert -11 (base 7) to base 5.
-13
4 (base 6) to base 15
4
-7 (base 12) to base 5
-12
Convert -1 (base 4) to base 3.
-1
71 (base 14) to base 5
344
Convert -2 (base 15) to base 11.
-2
Convert 107 (base 9) to base 12.
74
What is -1 (base 9) in base 13?
-1
Convert 6 (base 13) to base 14.
6
Convert 10000 (base 2) to base 16.
10
-11 (base 16) to base 15
-12
What is -10 (base 4) in base 7?
-4
Convert 4 (base 14) to base 15.
4
What is 2 (base 10) in base 4?
2
30 (base 6) to base 8
22
23 (base 9) to base 15
16
What is -21 (base 10) in base 9?
-23
-67 (base 16) to base 8
-147
What is -5 (base 13) in base 4?
-11
What is 10202 (base 3) in base 9?
122
-45 (base 10) to base 5
-140
-10 (base 12) to base 8
-14
-80 (base 14) to base 16
-70
What is 3 (base 16) in base 6?
3
-3 (base 13) to base 6
-3
-12 (base 13) to base 8
-17
Convert 9f (base 16) to base 13.
c3
What is 11 (base 2) in base 11?
3
-101 (base 2) to base 13
-5
52 (base 11) to base 13
45
Convert 1011101 (base 2) to base 16.
5d
What is 21 (base 5) in base 7?
14
3 (base 10) to base 7
3
What is -1000 (base 2) in base 16?
-8
Convert 4 (base 8) to base 3.
11
Convert 4 (base 10) to base 8.
4
Convert 0 (base 14) to base 11.
0
What is 89 (base 11) in base 7?
166
-1 (base 10) to base 12
-1
Convert 1113 (base 4) to base 9.
106
Convert 2 (base 8) to base 16.
2
3021 (base 4) to base 6
533
-11 (base 7) to base 14
-8
What is 276 (base 8) in base 14?
d8
Convert -1a (base 11) to base 16.
-15
Convert -7 (base 12) to base 8.
-7
Convert 1 (base 3) to base 6.
1
What is 10 (base 2) in base 14?
2
Convert 222 (base 5) to base 14.
46
What is 48 (base 14) in base 7?
121
Convert -28 (base 10) to base 8.
-34
652 (base 7) to base 13
1c6
What is 43 (base 7) in base 16?
1f
2 (base 14) to base 8
2
Convert -123 (base 11) to base 2.
-10010010
Convert 2 (base 9) to base 8.
2
Convert 1101 (base 2) to base 15.
d
Convert -228 (base 11) to base 7.
-536
What is 4 (base 7) in base 8?
4
Convert -51 (base 9) to base 5.
-141
Convert 222 (base 3) to base 5.
101
Convert -c (base 13) to base 5.
-22
Convert 0 (base 12) to base 10.
0
Convert 0 (base 7) to base 8.
0
1 (base 4) to base 5
1
Convert 4 (base 10) to base 12.
4
-14 (base 8) to base 15
-c
What is b2 (base 13) in base 2?
10010001
1 (base 9) to base 7
1
What is -31 (base 5) in base 16?
-10
Convert -2 (base 11) to base 3.
-2
What is 4 (base 10) in base 11?
4
Convert 1301 (base 5) to base 4.
3021
What is -1001 (base 3) in base 7?
-40
What is 165 (base 7) in base 6?
240
4 (base 8) to base 10
4
What is 0 (base 9) in base 11?
0
0 (base 12) to base 10
0
Convert -14 (base 5) to base 4.
-21
-170 (base 11) to base 12
-146
2 (base 6) to base 11
2
Convert -101010 (base 2) to base 3.
-1120
Convert 2 (base 5) to base 10.
2
What is 2 (base 4) in base 5?
2
-1 (base 6) to base 16
-1
What is -6 (base 12) in base 16?
-6
What is -18 (base 13) in base 2?
-10101
Convert -4 (base 8) to base 16.
-4
What is -92 (base 14) in base 5?
-1003
What is -230 (base 11) in base 10?
-275
What is dc (base 14) in base 2?
11000010
-31 (base 12) to base 13
-2b
What is 5 (base 9) in base 15?
5
6 (base 12) to base 3
20
Convert 66 (base 13) to base 6.
220
What is 0 (base 5) in base 15?
0
Convert 3 (base 11) to base 15.
3
What is 1024 (base 6) in base 3?
22121
What is 5 (base 9) in base 5?
10
-3 (base 13) to base 3
-10
Convert -1 (base 10) to base 6.
-1
3 (base 8) to base 9
3
What is -53 (base 8) in base 7?
-61
Convert 11 (base 6) to base 14.
7
What is -8 (base 12) in base 5?
-13
Convert 11 (base 8) to base 5.
14
1c (base 16) to base 8
34
What is -341 (base 5) in base 9?
-116
79 (base 12) to base 15
63
Convert -19 (base 13) to base 9.
-24
268 (base 10) to base 11
224
Convert -3 (base 9) to base 2.
-11
-7 (base 14) to base 16
-7
What is 358 (base 10) in base 5?
2413
Convert 5 (base 8) to base 4.
11
-4 (base 16) to base 6
-4
What is 340 (base 9) in base 16?
117
5 (base 14) to base 9
5
-4 (base 12) to base 14
-4
What is 159 (base 13) in base 5?
1433
What is -7 (base 9) in base 15?
-7
What is -1 (base 8) in base 14?
-1
What is -10 (base 8) in base 7?
-11
What is 2 (base 11) in base 13?
2
What is -3 (base 7) in base 5?
-3
What is 4 (base 10) in base 7?
4
Convert 4 (base 13) to base 6.
4
0 (base 6) to base 5
0
-12 (base 8) to base 2
-1010
Convert 6 (base 7) to base 16.
6
106 (base 12) to base 14
aa
-4 (base 6) to base 5
-4
2 (base 14) to base 9
2
Convert -1 (base 10) to base 9.
-1
What is 51 (base 6) in base 11?
29
Convert -10010011 (base 2) to base 5.
-1042
Convert -10101000 (base 2) to base 6.
-440
What is -3 (base 14) in base 6?
-3
Convert -4 (base 15) to base 13.
-4
-5 (base 10) to base 3
-12
10121 (base 3) to base 9
117
Convert 6 (base 14) to base 2.
110
What is -17 (base 8) in base 11?
-14
What is -2 (base 3) in base 13?
-2
Convert -1301 (base 4) to base 11.
-a3
Convert -77 (base 10) to base 13.
-5c
Convert 351 (base 8) to base 4.
3221
What is -1 (base 11) in base 10?
-1
13 (base 7) to base 9
11
257 (base 8) to base 13
106
-15 (base 6) to base 12
-b
-5 (base 13) to base 16
-5
3323 (base 4) to base 16
fb
2 (base 6) to base 7
2
-41 (base 5) to base 14
-17
-110 (base 2) to base 15
-6
What is d6 (base 15) in base 8?
311
Convert 10 (base 3) to base 14.
3
What is -124 (base 5) in base 3?
-1110
Convert 1 (base 9) to base 2.
1
What is 4 (base 9) in base 11?
4
Convert -5 (base 11) to base 15.
-5
Convert -c7 (base 14) to base 5.
-1200
-8 (base 14) to base 15
-8
What is -e4 (base 16) in base 9?
-273
Convert -6 (base 11) to base 10.
-6
What is -10110 (base 2) in base 16?
-16
Convert -2 (base 5) to base 15.
-2
-3 (base 15) to base 7
-3
-b0 (base 13) to base 6
-355
What is -4 (base 11) in base 2?
-100
What is -10 (base 3) in base 10?
-3
What is 110001 (base 2) in base 3?
1211
Convert -102 (base 4) to base 7.
-24
Convert 1011 (base 2) to base 15.
b
Convert 20 (base 14) to base 10.
28
Convert -5 (base 13) to base 4.
-11
Convert 43 (base 10) to base 12.
37
-9 (base 11) to base 4
-21
5 (base 16) to base 9
5
What is -40 (base 5) in base 4?
-110
What is -1 (base 14) in base 3?
-1
Convert 7 (base 8) to base 13.
7
What is -c7 (base 15) in base 9?
-227
What is 20 (base 9) in base 10?
18
Convert 0 (base 3) to base 9.
0
Convert -1 (base 4) to base 15.
-1
What is -121 (base 4) in base 11?
-23
What is 5 (base 15) in base 5?
10
Convert -113 (base 4) to base 10.
-23
Convert -5 (base 9) to base 12.
-5
Convert -3 (base 14) to base 12.
-3
Convert -3 (base 13) to base 7.
-3
1 (base 9) to base 11
1
What is 9 (base 12) in base 10?
9
What is 110 (base 2) in base 13?
6
What is 13 (base 4) in base 3?
21
Convert 1a4 (base 14) to base 12.
244
What is -152 (base 8) in base 15?
-71
0 (base 14) to base 3
0
What is -4 (base 16) in base 14?
-4
Convert 21 (base 8) to base 14.
13
Convert -7 (base 9) to base 10.
-7
Convert 0 (base 15) to base 13.
0
What is -19 (base 10) in base 6?
-31
What is -11 (base 6) in base 14?
-7
Convert 4 (base 16) to base 12.
4
Convert -11 (base 10) to base 11.
-10
-1 (base 16) to base 2
-1
What is -3 (base 14) in base 3?
-10
What is 10011 (base 3) in base 13?
67
23 (base 14) to base 15
21
What is 1 (base 9) in base 8?
1
Convert 11 (base 3) to base 7.
4
What is -22 (base 4) in base 8?
-12
Convert -10 (base 14) to base 3.
-112
11 (base 3) to base 2
100
10 (base 3) to base 6
3
0 (base 6) to base 11
0
-42 (base 5) to base 2
-10110
What is 1220 (base 4) in base 8?
150
1c (base 14) to base 12
22
13 (base 5) to base 9
8
What is 0 (base 7) in base 14?
0
110 (base 3) to base 14
c
-19 (base 12) to base 14
-17
What is 7 (base 15) in base 10?
7
What is 10110 (base 2) in base 11?
20
What is 105 (base 6) in base 13?
32
What is -2 (base 8) in base 6?
-2
20 (base 16) to base 6
52
Convert 12 (base 4) to base 14.
6
What is 15 (base 11) in base 10?
16
What is 117 (base 8) in base 16?
4f
-3 (base 14) to base 10
-3
-2 (base 4) to base 16
-2
What is 11 (base 8) in base 12?
9
What is -6 (base 7) in base 8?
-6
What 